{"id":1355,"date":"2020-06-18T06:18:28","date_gmt":"2020-06-18T06:18:28","guid":{"rendered":"https:\/\/dev.artemsemkin.com\/rhye\/wp\/?page_id=1355"},"modified":"2024-09-01T22:13:32","modified_gmt":"2024-09-01T22:13:32","slug":"slider-1-distortion-h","status":"publish","type":"page","link":"https:\/\/kemalozturk.com\/","title":{"rendered":"Anasayfa"},"content":{"rendered":"\t\t<div data-elementor-type=\"wp-page\" data-elementor-id=\"1355\" class=\"elementor elementor-1355\" data-elementor-post-type=\"page\">\n\t\t\t\t\t\t<section class=\"elementor-section elementor-top-section elementor-element elementor-element-d1e1f1d elementor-section-full_width bg-dark-1 arts-elementor-theme-light elementor-section-height-default elementor-section-height-default\" data-id=\"d1e1f1d\" data-element_type=\"section\" data-settings=\"{&quot;theme_section_color&quot;:&quot;bg-dark-1&quot;,&quot;theme_section_main_theme_text&quot;:&quot;arts-elementor-theme-light&quot;}\">\n\t\t\t\t\t\t<div class=\"elementor-container elementor-column-gap-no\">\n\t\t\t\t\t<div class=\"elementor-column elementor-col-100 elementor-top-column elementor-element elementor-element-b4dfc68\" data-id=\"b4dfc68\" data-element_type=\"column\">\n\t\t\t<div class=\"elementor-widget-wrap elementor-element-populated\">\n\t\t\t\t\t\t<div class=\"elementor-element elementor-element-a4fe38e elementor-widget elementor-widget-rhye-widget-portfolio-fullscreen-slider\" data-id=\"a4fe38e\" data-element_type=\"widget\" data-widget_type=\"rhye-widget-portfolio-fullscreen-slider.default\">\n\t\t\t\t<div class=\"elementor-widget-container\">\n\t\t\t\n\t\t\t\t\t\t\t\t<div class=\"section section-fullheight section-projects section-projects-slider overflow text-right\" data-arts-os-animation=\"true\">\n\t\t\t\t<div class=\"section-fullheight__inner section-fullheight__inner_mobile\">\n\t\t\t\t\t<div class=\"slider slider-fullscreen-projects js-slider-fullscreen-projects js-slider\">\n\t\t\t\t\t\t<!-- slider CONTENT -->\n\t\t\t\t\t\t<div class=\"slider-fullscreen-projects__content swiper swiper-container js-slider-fullscreen-projects__content pointer-events-none slider-fullscreen-projects__content_reduced-sides\">\n\t\t\t\t\t\t\t<div class=\"swiper-wrapper\">\n\t\t\t\t\t\t\t\t\t\t\t\t\t\t\t\t\t\t\t\t\t\t\t\t\t\t<div class=\"swiper-slide\">\n\t\t\t\t\t\t\t\t\t\t\t\t\t\t\t\t\t\t\t\t\t\t\t\t\t\t\t\t\t\t\t\t\t\t\t\t\t\t\t\t\t\t<a class=\"d-inline-flex flex-column js-change-text-hover pointer-events-auto\" href=\"https:\/\/kemalozturk.com\/index.php\/portfolio\/golyazi-2011\/\" data-pjax-link=\"fullscreenSlider\">\n\t\t\t\t\t\t\t\t\t\t\t\t\t\t\t\t\t\t\t\t\t\t\t\t<h2  class=\"slider__heading h2 split-text js-split-text\" data-split-text-type=\"lines, words, chars\" data-split-text-set=\"chars\">G\u00f6lyaz\u0131 | 2011<\/h2 >\n\t\t\t\t\t\t\t\t\t\t\t\t\t\t\t\t\t\t\t\t\t\t\t\t\t\t\t\t\t\t\t\t\t\t\t\t\t<div class=\"slider__wrapper-button my-1\">\n\t\t\t\t\t\t\t\t\t\t\t\t\t\t<div class=\"change-text-hover js-change-text-hover subheading text-right\">\n\t\t\t\t\t\t\t\t\t\t\t\t\t\t\t\t\t\t\t\t\t\t\t\t\t\t\t\t\t\t\t<!-- label by default -->\n\t\t\t\t\t\t\t\t\t\t\t\t\t\t\t\t<div class=\"change-text-hover__normal js-split-text split-text js-change-text-hover__normal\" data-split-text-type=\"lines\" data-split-text-set=\"lines\">Photography<\/div>\n\t\t\t\t\t\t\t\t\t\t\t\t\t\t\t\t<!-- - label by default -->\n\t\t\t\t\t\t\t\t\t\t\t\t\t\t\t\t\t\t\t\t\t\t\t\t\t\t\t\t\t\t<!-- label on hover -->\n\t\t\t\t\t\t\t\t\t\t\t\t\t\t\t<div class=\"change-text-hover__hover js-change-text-hover__hover\">\n\t\t\t\t\t\t\t\t\t\t\t\t\t\t\t\t<!-- hover line -->\n\t\t\t\t\t\t\t\t\t\t\t\t\t\t\t\t<div class=\"change-text-hover__line js-change-text-hover__line\"><\/div>\n\t\t\t\t\t\t\t\t\t\t\t\t\t\t\t\t<!-- - hover line -->\n\t\t\t\t\t\t\t\t\t\t\t\t\t\t\t\t<span class=\"js-split-text split-text\" data-split-text-type=\"lines\" data-split-text-set=\"lines\">Alb\u00fcme Git<\/span>\n\t\t\t\t\t\t\t\t\t\t\t\t\t\t\t<\/div>\n\t\t\t\t\t\t\t\t\t\t\t\t\t\t\t<!-- - label on hover -->\n\t\t\t\t\t\t\t\t\t\t\t\t\t\t<\/div>\n\t\t\t\t\t\t\t\t\t\t\t\t\t<\/div>\n\t\t\t\t\t\t\t\t\t\t\t\t\t\t\t\t\t\t\t\t\t\t\t<\/a>\n\t\t\t\t\t\t\t\t\t\t\t\t\t\t\t\t\t\t\t<\/div>\n\t\t\t\t\t\t\t\t\t\t\t\t\t\t\t\t\t\t\t\t\t\t\t\t\t\t<div class=\"swiper-slide\">\n\t\t\t\t\t\t\t\t\t\t\t\t\t\t\t\t\t\t\t\t\t\t\t\t\t\t\t\t\t\t\t\t\t\t\t\t\t\t\t\t\t\t<a class=\"d-inline-flex flex-column js-change-text-hover pointer-events-auto\" href=\"https:\/\/kemalozturk.com\/index.php\/portfolio\/mardin-2011\/\" data-pjax-link=\"fullscreenSlider\">\n\t\t\t\t\t\t\t\t\t\t\t\t\t\t\t\t\t\t\t\t\t\t\t\t<h2  class=\"slider__heading h2 split-text js-split-text\" data-split-text-type=\"lines, words, chars\" data-split-text-set=\"chars\">Mardin | 2011<\/h2 >\n\t\t\t\t\t\t\t\t\t\t\t\t\t\t\t\t\t\t\t\t\t\t\t\t\t\t\t\t\t\t\t\t\t\t\t\t\t<div class=\"slider__wrapper-button my-1\">\n\t\t\t\t\t\t\t\t\t\t\t\t\t\t<div class=\"change-text-hover js-change-text-hover subheading text-right\">\n\t\t\t\t\t\t\t\t\t\t\t\t\t\t\t\t\t\t\t\t\t\t\t\t\t\t\t\t\t\t\t<!-- label by default -->\n\t\t\t\t\t\t\t\t\t\t\t\t\t\t\t\t<div class=\"change-text-hover__normal js-split-text split-text js-change-text-hover__normal\" data-split-text-type=\"lines\" data-split-text-set=\"lines\">Photography<\/div>\n\t\t\t\t\t\t\t\t\t\t\t\t\t\t\t\t<!-- - label by default -->\n\t\t\t\t\t\t\t\t\t\t\t\t\t\t\t\t\t\t\t\t\t\t\t\t\t\t\t\t\t\t<!-- label on hover -->\n\t\t\t\t\t\t\t\t\t\t\t\t\t\t\t<div class=\"change-text-hover__hover js-change-text-hover__hover\">\n\t\t\t\t\t\t\t\t\t\t\t\t\t\t\t\t<!-- hover line -->\n\t\t\t\t\t\t\t\t\t\t\t\t\t\t\t\t<div class=\"change-text-hover__line js-change-text-hover__line\"><\/div>\n\t\t\t\t\t\t\t\t\t\t\t\t\t\t\t\t<!-- - hover line -->\n\t\t\t\t\t\t\t\t\t\t\t\t\t\t\t\t<span class=\"js-split-text split-text\" data-split-text-type=\"lines\" data-split-text-set=\"lines\">Alb\u00fcme Git<\/span>\n\t\t\t\t\t\t\t\t\t\t\t\t\t\t\t<\/div>\n\t\t\t\t\t\t\t\t\t\t\t\t\t\t\t<!-- - label on hover -->\n\t\t\t\t\t\t\t\t\t\t\t\t\t\t<\/div>\n\t\t\t\t\t\t\t\t\t\t\t\t\t<\/div>\n\t\t\t\t\t\t\t\t\t\t\t\t\t\t\t\t\t\t\t\t\t\t\t<\/a>\n\t\t\t\t\t\t\t\t\t\t\t\t\t\t\t\t\t\t\t<\/div>\n\t\t\t\t\t\t\t\t\t\t\t\t\t\t\t\t\t\t\t\t\t\t\t\t\t\t<div class=\"swiper-slide\">\n\t\t\t\t\t\t\t\t\t\t\t\t\t\t\t\t\t\t\t\t\t\t\t\t\t\t\t\t\t\t\t\t\t\t\t\t\t\t\t\t\t\t<a class=\"d-inline-flex flex-column js-change-text-hover pointer-events-auto\" href=\"https:\/\/kemalozturk.com\/index.php\/portfolio\/portre-ii\/\" data-pjax-link=\"fullscreenSlider\">\n\t\t\t\t\t\t\t\t\t\t\t\t\t\t\t\t\t\t\t\t\t\t\t\t<h2  class=\"slider__heading h2 split-text js-split-text\" data-split-text-type=\"lines, words, chars\" data-split-text-set=\"chars\">Portre II<\/h2 >\n\t\t\t\t\t\t\t\t\t\t\t\t\t\t\t\t\t\t\t\t\t\t\t\t\t\t\t\t\t\t\t\t\t\t\t\t\t<div class=\"slider__wrapper-button my-1\">\n\t\t\t\t\t\t\t\t\t\t\t\t\t\t<div class=\"change-text-hover js-change-text-hover subheading text-right\">\n\t\t\t\t\t\t\t\t\t\t\t\t\t\t\t\t\t\t\t\t\t\t\t\t\t\t\t\t\t\t\t<!-- label by default -->\n\t\t\t\t\t\t\t\t\t\t\t\t\t\t\t\t<div class=\"change-text-hover__normal js-split-text split-text js-change-text-hover__normal\" data-split-text-type=\"lines\" data-split-text-set=\"lines\">Alb\u00fcme Git<\/div>\n\t\t\t\t\t\t\t\t\t\t\t\t\t\t\t\t<!-- - label by default -->\n\t\t\t\t\t\t\t\t\t\t\t\t\t\t\t\t\t\t\t\t\t\t\t\t\t\t\t\t\t\t<!-- label on hover -->\n\t\t\t\t\t\t\t\t\t\t\t\t\t\t\t<div class=\"change-text-hover__hover js-change-text-hover__hover\">\n\t\t\t\t\t\t\t\t\t\t\t\t\t\t\t\t<!-- hover line -->\n\t\t\t\t\t\t\t\t\t\t\t\t\t\t\t\t<div class=\"change-text-hover__line js-change-text-hover__line\"><\/div>\n\t\t\t\t\t\t\t\t\t\t\t\t\t\t\t\t<!-- - hover line -->\n\t\t\t\t\t\t\t\t\t\t\t\t\t\t\t\t<span class=\"js-split-text split-text\" data-split-text-type=\"lines\" data-split-text-set=\"lines\">Alb\u00fcme Git<\/span>\n\t\t\t\t\t\t\t\t\t\t\t\t\t\t\t<\/div>\n\t\t\t\t\t\t\t\t\t\t\t\t\t\t\t<!-- - label on hover -->\n\t\t\t\t\t\t\t\t\t\t\t\t\t\t<\/div>\n\t\t\t\t\t\t\t\t\t\t\t\t\t<\/div>\n\t\t\t\t\t\t\t\t\t\t\t\t\t\t\t\t\t\t\t\t\t\t\t<\/a>\n\t\t\t\t\t\t\t\t\t\t\t\t\t\t\t\t\t\t\t<\/div>\n\t\t\t\t\t\t\t\t\t\t\t\t\t\t\t\t\t\t\t\t\t\t\t\t\t\t<div class=\"swiper-slide\">\n\t\t\t\t\t\t\t\t\t\t\t\t\t\t\t\t\t\t\t\t\t\t\t\t\t\t\t\t\t\t\t\t\t\t\t\t\t\t\t\t\t\t<a class=\"d-inline-flex flex-column js-change-text-hover pointer-events-auto\" href=\"https:\/\/kemalozturk.com\/index.php\/portfolio\/portre\/\" data-pjax-link=\"fullscreenSlider\">\n\t\t\t\t\t\t\t\t\t\t\t\t\t\t\t\t\t\t\t\t\t\t\t\t<h2  class=\"slider__heading h2 split-text js-split-text\" data-split-text-type=\"lines, words, chars\" data-split-text-set=\"chars\">Portre<\/h2 >\n\t\t\t\t\t\t\t\t\t\t\t\t\t\t\t\t\t\t\t\t\t\t\t\t\t\t\t\t\t\t\t\t\t\t\t\t\t<div class=\"slider__wrapper-button my-1\">\n\t\t\t\t\t\t\t\t\t\t\t\t\t\t<div class=\"change-text-hover js-change-text-hover subheading text-right\">\n\t\t\t\t\t\t\t\t\t\t\t\t\t\t\t\t\t\t\t\t\t\t\t\t\t\t\t\t\t\t\t<!-- label by default -->\n\t\t\t\t\t\t\t\t\t\t\t\t\t\t\t\t<div class=\"change-text-hover__normal js-split-text split-text js-change-text-hover__normal\" data-split-text-type=\"lines\" data-split-text-set=\"lines\">Photography<\/div>\n\t\t\t\t\t\t\t\t\t\t\t\t\t\t\t\t<!-- - label by default -->\n\t\t\t\t\t\t\t\t\t\t\t\t\t\t\t\t\t\t\t\t\t\t\t\t\t\t\t\t\t\t<!-- label on hover -->\n\t\t\t\t\t\t\t\t\t\t\t\t\t\t\t<div class=\"change-text-hover__hover js-change-text-hover__hover\">\n\t\t\t\t\t\t\t\t\t\t\t\t\t\t\t\t<!-- hover line -->\n\t\t\t\t\t\t\t\t\t\t\t\t\t\t\t\t<div class=\"change-text-hover__line js-change-text-hover__line\"><\/div>\n\t\t\t\t\t\t\t\t\t\t\t\t\t\t\t\t<!-- - hover line -->\n\t\t\t\t\t\t\t\t\t\t\t\t\t\t\t\t<span class=\"js-split-text split-text\" data-split-text-type=\"lines\" data-split-text-set=\"lines\">Alb\u00fcme Git<\/span>\n\t\t\t\t\t\t\t\t\t\t\t\t\t\t\t<\/div>\n\t\t\t\t\t\t\t\t\t\t\t\t\t\t\t<!-- - label on hover -->\n\t\t\t\t\t\t\t\t\t\t\t\t\t\t<\/div>\n\t\t\t\t\t\t\t\t\t\t\t\t\t<\/div>\n\t\t\t\t\t\t\t\t\t\t\t\t\t\t\t\t\t\t\t\t\t\t\t<\/a>\n\t\t\t\t\t\t\t\t\t\t\t\t\t\t\t\t\t\t\t<\/div>\n\t\t\t\t\t\t\t\t\t\t\t\t\t\t\t<\/div>\n\t\t\t\t\t\t<\/div>\n\t\t\t\t\t\t<!-- - slider CONTENT -->\n\n\t\t\t\t\t\t<!-- slider IMAGES -->\n\t\t\t\t\t\t<div class=\"slider-fullscreen-projects__images swiper swiper-container js-slider-fullscreen-projects__images\" data-speed=\"1200\" data-direction=\"horizontal\" data-transition-effect=\"distortion\" data-touch-ratio=\"1.5\" data-counter-style=\"roman\" data-counter-add-zeros=\"\" data-autoplay-enabled=\"true\" data-autoplay-delay=\"6000\" data-mousewheel-enabled=\"true\" data-keyboard-enabled=\"true\" data-transition-displacement-img=\"https:\/\/kemalozturk.com\/wp-content\/themes\/rhye\/img\/general\/bg-displacement-7.jpg\" data-prefetch-active-slide-transition=\"true\" data-aspect-ratio=\"1.5032295948326\">\n\t\t\t\t\t\t\t<div class=\"swiper-wrapper\">\n\t\t\t\t\t\t\t\t\t\t\t\t\t\t\t\t\t\t\t<div class=\"swiper-slide overflow d-flex-centered\">\n\t\t\t\t\t\t\t\t\t\t\t<div class=\"slider__images-slide-inner js-transition-img overflow\">\n\t\t\t\t\t\t\t\t\t\t\t\t\t\t\t\t\t\t\t\t\t\t\t\t\t\t\t\t<img fetchpriority=\"high\" decoding=\"async\" class=\"slider__bg js-transition-img__transformed-el texture of-cover\" src=\"data:image\/png;base64,iVBORw0KGgoAAAANSUhEUgAAAAEAAAABCAQAAAHCGzyUAAAABGdBTUEAALGPC\/xhBQAAADhlWElmTU0AKgAAAAgAAYdpAAQAAAABAAAAGgAAAAAAAqACAAQAAAABAAAAAaADAAQAAAABAAAAAQAAAADa6r\/EAAAAC0lEQVQI12NolQQAASYAn89qhTcAAAAASUVORK5CYII=\" data-src=\"https:\/\/kemalozturk.com\/wp-content\/uploads\/2020\/06\/KML_0594-scaled.jpg\" width=\"2560\" height=\"1703\"  data-srcset=\"https:\/\/kemalozturk.com\/wp-content\/uploads\/2020\/06\/KML_0594-scaled.jpg 2560w, https:\/\/kemalozturk.com\/wp-content\/uploads\/2020\/06\/KML_0594-300x200.jpg 300w, https:\/\/kemalozturk.com\/wp-content\/uploads\/2020\/06\/KML_0594-1024x681.jpg 1024w, https:\/\/kemalozturk.com\/wp-content\/uploads\/2020\/06\/KML_0594-768x511.jpg 768w, https:\/\/kemalozturk.com\/wp-content\/uploads\/2020\/06\/KML_0594-1536x1022.jpg 1536w, https:\/\/kemalozturk.com\/wp-content\/uploads\/2020\/06\/KML_0594-2048x1363.jpg 2048w\"   data-sizes=\"(max-width: 2560px) 100vw, 2560px\"  alt=\"\" \/>\n\t\t\t\t\t\t\t\t\t\t\t\t\t\t\t\t\t\t\t\t\t\t\t\t\t\t\t\t\t\t\t\t\t\t\t\t\t\t<\/div>\n\t\t\t\t\t\t\t\t\t\t<\/div>\n\t\t\t\t\t\t\t\t\t\t\t\t\t\t\t\t\t\t\t<div class=\"swiper-slide overflow d-flex-centered\">\n\t\t\t\t\t\t\t\t\t\t\t<div class=\"slider__images-slide-inner js-transition-img overflow\">\n\t\t\t\t\t\t\t\t\t\t\t\t\t\t\t\t\t\t\t\t\t\t\t\t\t\t\t\t<img decoding=\"async\" class=\"slider__bg js-transition-img__transformed-el texture of-cover\" src=\"data:image\/png;base64,iVBORw0KGgoAAAANSUhEUgAAAAEAAAABCAQAAAHCGzyUAAAABGdBTUEAALGPC\/xhBQAAADhlWElmTU0AKgAAAAgAAYdpAAQAAAABAAAAGgAAAAAAAqACAAQAAAABAAAAAaADAAQAAAABAAAAAQAAAADa6r\/EAAAAC0lEQVQI12NolQQAASYAn89qhTcAAAAASUVORK5CYII=\" data-src=\"https:\/\/kemalozturk.com\/wp-content\/uploads\/2020\/06\/KML_3066-scaled.jpg\" width=\"2560\" height=\"1700\"  data-srcset=\"https:\/\/kemalozturk.com\/wp-content\/uploads\/2020\/06\/KML_3066-scaled.jpg 2560w, https:\/\/kemalozturk.com\/wp-content\/uploads\/2020\/06\/KML_3066-300x199.jpg 300w, https:\/\/kemalozturk.com\/wp-content\/uploads\/2020\/06\/KML_3066-1024x680.jpg 1024w, https:\/\/kemalozturk.com\/wp-content\/uploads\/2020\/06\/KML_3066-768x510.jpg 768w, https:\/\/kemalozturk.com\/wp-content\/uploads\/2020\/06\/KML_3066-1536x1020.jpg 1536w, https:\/\/kemalozturk.com\/wp-content\/uploads\/2020\/06\/KML_3066-2048x1360.jpg 2048w\"   data-sizes=\"(max-width: 2560px) 100vw, 2560px\"  alt=\"\" \/>\n\t\t\t\t\t\t\t\t\t\t\t\t\t\t\t\t\t\t\t\t\t\t\t\t\t\t\t\t\t\t\t\t\t\t\t\t\t\t<\/div>\n\t\t\t\t\t\t\t\t\t\t<\/div>\n\t\t\t\t\t\t\t\t\t\t\t\t\t\t\t\t\t\t\t<div class=\"swiper-slide overflow d-flex-centered\">\n\t\t\t\t\t\t\t\t\t\t\t<div class=\"slider__images-slide-inner js-transition-img overflow\">\n\t\t\t\t\t\t\t\t\t\t\t\t\t\t\t\t\t\t\t\t\t\t\t\t\t\t\t\t<img decoding=\"async\" class=\"slider__bg js-transition-img__transformed-el texture of-cover\" src=\"data:image\/png;base64,iVBORw0KGgoAAAANSUhEUgAAAAEAAAABCAQAAAHCGzyUAAAABGdBTUEAALGPC\/xhBQAAADhlWElmTU0AKgAAAAgAAYdpAAQAAAABAAAAGgAAAAAAAqACAAQAAAABAAAAAaADAAQAAAABAAAAAQAAAADa6r\/EAAAAC0lEQVQI12NolQQAASYAn89qhTcAAAAASUVORK5CYII=\" data-src=\"https:\/\/kemalozturk.com\/wp-content\/uploads\/2024\/09\/KML_4277_R-scaled.jpg\" width=\"2560\" height=\"1706\"  data-srcset=\"https:\/\/kemalozturk.com\/wp-content\/uploads\/2024\/09\/KML_4277_R-scaled.jpg 2560w, https:\/\/kemalozturk.com\/wp-content\/uploads\/2024\/09\/KML_4277_R-300x200.jpg 300w, https:\/\/kemalozturk.com\/wp-content\/uploads\/2024\/09\/KML_4277_R-1024x682.jpg 1024w, https:\/\/kemalozturk.com\/wp-content\/uploads\/2024\/09\/KML_4277_R-768x512.jpg 768w, https:\/\/kemalozturk.com\/wp-content\/uploads\/2024\/09\/KML_4277_R-1536x1024.jpg 1536w, https:\/\/kemalozturk.com\/wp-content\/uploads\/2024\/09\/KML_4277_R-2048x1365.jpg 2048w, https:\/\/kemalozturk.com\/wp-content\/uploads\/2024\/09\/KML_4277_R-1920x1280.jpg 1920w\"   data-sizes=\"(max-width: 2560px) 100vw, 2560px\"  alt=\"\" \/>\n\t\t\t\t\t\t\t\t\t\t\t\t\t\t\t\t\t\t\t\t\t\t\t\t\t\t\t\t\t\t\t\t\t\t\t\t\t\t<\/div>\n\t\t\t\t\t\t\t\t\t\t<\/div>\n\t\t\t\t\t\t\t\t\t\t\t\t\t\t\t\t\t\t\t<div class=\"swiper-slide overflow d-flex-centered\">\n\t\t\t\t\t\t\t\t\t\t\t<div class=\"slider__images-slide-inner js-transition-img overflow\">\n\t\t\t\t\t\t\t\t\t\t\t\t\t\t\t\t\t\t\t\t\t\t\t\t\t\t\t\t<img loading=\"lazy\" decoding=\"async\" class=\"slider__bg js-transition-img__transformed-el texture of-cover\" src=\"data:image\/png;base64,iVBORw0KGgoAAAANSUhEUgAAAAEAAAABCAQAAAHCGzyUAAAABGdBTUEAALGPC\/xhBQAAADhlWElmTU0AKgAAAAgAAYdpAAQAAAABAAAAGgAAAAAAAqACAAQAAAABAAAAAaADAAQAAAABAAAAAQAAAADa6r\/EAAAAC0lEQVQI12NolQQAASYAn89qhTcAAAAASUVORK5CYII=\" data-src=\"https:\/\/kemalozturk.com\/wp-content\/uploads\/2020\/06\/KML_7553-copy-scaled.jpg\" width=\"2560\" height=\"1701\"  data-srcset=\"https:\/\/kemalozturk.com\/wp-content\/uploads\/2020\/06\/KML_7553-copy-scaled.jpg 2560w, https:\/\/kemalozturk.com\/wp-content\/uploads\/2020\/06\/KML_7553-copy-300x199.jpg 300w, https:\/\/kemalozturk.com\/wp-content\/uploads\/2020\/06\/KML_7553-copy-1024x680.jpg 1024w, https:\/\/kemalozturk.com\/wp-content\/uploads\/2020\/06\/KML_7553-copy-768x510.jpg 768w, https:\/\/kemalozturk.com\/wp-content\/uploads\/2020\/06\/KML_7553-copy-1536x1020.jpg 1536w, https:\/\/kemalozturk.com\/wp-content\/uploads\/2020\/06\/KML_7553-copy-2048x1360.jpg 2048w\"   data-sizes=\"(max-width: 2560px) 100vw, 2560px\"  alt=\"\" \/>\n\t\t\t\t\t\t\t\t\t\t\t\t\t\t\t\t\t\t\t\t\t\t\t\t\t\t\t\t\t\t\t\t\t\t\t\t\t\t<\/div>\n\t\t\t\t\t\t\t\t\t\t<\/div>\n\t\t\t\t\t\t\t\t\t\t\t\t\t\t\t\t<\/div>\n\t\t\t\t\t\t<\/div>\n\t\t\t\t\t\t<!-- - slider IMAGES -->\n\n\t\t\t\t\t\t<!-- overlay -->\n\t\t\t\t\t\t<div class=\"slider__overlay slider__overlay_z-55 overlay\"><\/div>\n\t\t\t\t\t\t\t\t\t\t\t\t<!-- - overlay -->\n\n\t\t\t\t\t\t\t\t\t\t\t\t\t\t\t\t\t\t\t<div class=\"slider-fullscreen-projects__footer\">\n\t\t\t\t\t\t\t\t<!-- slider DOTS -->\n\t\t\t\t\t\t\t\t<div class=\"slider__dots js-slider__dots\"><\/div>\n\t\t\t\t\t\t\t\t<!-- - slider DOTS -->\n\t\t\t\t\t\t\t<\/div>\n\t\t\t\t\t\t\n\t\t\t\t\t\t\t\t\t\t\t\t\t<!-- slider COUNTER -->\n\t\t\t\t\t\t\t<div class=\"slider__wrapper-counter slider-fullscreen-projects__counter slider-fullscreen-projects__counter_left\">\n\t\t\t\t\t\t\t\t<div class=\"slider__counter slider__counter_current\">\n\t\t\t\t\t\t\t\t\t<div class=\"js-slider-fullscreen-projects__counter-current swiper swiper-container\">\n\t\t\t\t\t\t\t\t\t\t<div class=\"swiper-wrapper\"><\/div>\n\t\t\t\t\t\t\t\t\t<\/div>\n\t\t\t\t\t\t\t\t<\/div>\n\t\t\t\t\t\t\t\t<div class=\"slider__counter-divider slider-fullscreen__counter-divider\"><\/div>\n\t\t\t\t\t\t\t\t<div class=\"slider__counter slider__counter_total js-slider-fullscreen-projects__counter-total\"><\/div>\n\t\t\t\t\t\t\t<\/div>\n\t\t\t\t\t\t\t<!-- - slider COUNTER -->\n\t\t\t\t\t\t\n\t\t\t\t\t\t\t\t\t\t\t\t\t\t\t\t\t\t\t\t\t<div class=\"slider__wrapper-arrows slider__wrapper-arrows_left\">\n\t\t\t\t\t\t\t\t\t<div class=\"slider__arrow js-slider__arrow-prev\">\n\t\t\t\t\t\t\t\t\t\t\t\t<div class=\"js-arrow arrow arrow-left\" data-arts-cursor=true data-arts-cursor-scale=0 data-arts-cursor-magnetic=true data-arts-cursor-hide-native=true>\n\t\t\t<svg class=\"svg-circle\" viewBox=\"0 0 60 60\" width=\"60\" height=\"60\" version=\"1.1\" xmlns=\"http:\/\/www.w3.org\/2000\/svg\" xmlns:xlink=\"http:\/\/www.w3.org\/1999\/xlink\">\n\t<circle class=\"circle\" cx=\"30\" cy=\"30\" r=\"29\" fill=\"none\"><\/circle>\n<\/svg>\n\t\t\t<div class=\"arrow__pointer arrow-left__pointer\"><\/div>\n\t\t\t<div class=\"arrow__triangle\"><\/div>\n\t\t<\/div>\n\t\t\t\t\t\t\t\t\t\t\t<\/div>\n\t\t\t\t\t\t\t\t\t<div class=\"slider__arrow js-slider__arrow-next\">\n\t\t\t\t\t\t\t\t\t\t\t\t<div class=\"js-arrow arrow arrow-right\" data-arts-cursor=true data-arts-cursor-scale=0 data-arts-cursor-magnetic=true data-arts-cursor-hide-native=true>\n\t\t\t<svg class=\"svg-circle\" viewBox=\"0 0 60 60\" width=\"60\" height=\"60\" version=\"1.1\" xmlns=\"http:\/\/www.w3.org\/2000\/svg\" xmlns:xlink=\"http:\/\/www.w3.org\/1999\/xlink\">\n\t<circle class=\"circle\" cx=\"30\" cy=\"30\" r=\"29\" fill=\"none\"><\/circle>\n<\/svg>\n\t\t\t<div class=\"arrow__pointer arrow-right__pointer\"><\/div>\n\t\t\t<div class=\"arrow__triangle\"><\/div>\n\t\t<\/div>\n\t\t\t\t\t\t\t\t\t\t\t<\/div>\n\t\t\t\t\t\t\t\t<\/div>\n\t\t\t\t\t\t\t\t\t\t\t\t\t\n\t\t\t\t\t\t\t\t\t\t\t\t\t<!-- slider CANVAS -->\n\t\t\t\t\t\t\t<div class=\"slider__wrapper-canvas d-flex-centered\">\n\t\t\t\t\t\t\t\t<div class=\"slider__wrapper-canvas-inner\">\n\t\t\t\t\t\t\t\t\t<canvas class=\"slider__canvas\"><\/canvas>\n\t\t\t\t\t\t\t\t<\/div>\n\t\t\t\t\t\t\t<\/div>\n\t\t\t\t\t\t\t<!-- - slider CANVAS -->\n\t\t\t\t\t\t\t\t\t\t\t<\/div>\n\t\t\t\t<\/div>\n\t\t\t<\/div>\n\t\t\n\t\t\t\t<\/div>\n\t\t\t\t<\/div>\n\t\t\t\t\t<\/div>\n\t\t<\/div>\n\t\t\t\t\t<\/div>\n\t\t<\/section>\n\t\t\t\t<\/div>\n\t\t","protected":false},"excerpt":{"rendered":"<p>G\u00f6lyaz\u0131 | 2011 Photography Alb\u00fcme Git Mardin | 2011 Photography Alb\u00fcme Git Portre II Alb\u00fcme Git Alb\u00fcme Git Portre Photography Alb\u00fcme Git<\/p>\n","protected":false},"author":1,"featured_media":0,"parent":0,"menu_order":0,"comment_status":"closed","ping_status":"closed","template":"elementor_header_footer","meta":{"_acf_changed":false,"footnotes":""},"class_list":["post-1355","page","type-page","status-publish","hentry"],"acf":[],"_links":{"self":[{"href":"https:\/\/kemalozturk.com\/index.php\/wp-json\/wp\/v2\/pages\/1355","targetHints":{"allow":["GET"]}}],"collection":[{"href":"https:\/\/kemalozturk.com\/index.php\/wp-json\/wp\/v2\/pages"}],"about":[{"href":"https:\/\/kemalozturk.com\/index.php\/wp-json\/wp\/v2\/types\/page"}],"author":[{"embeddable":true,"href":"https:\/\/kemalozturk.com\/index.php\/wp-json\/wp\/v2\/users\/1"}],"replies":[{"embeddable":true,"href":"https:\/\/kemalozturk.com\/index.php\/wp-json\/wp\/v2\/comments?post=1355"}],"version-history":[{"count":20,"href":"https:\/\/kemalozturk.com\/index.php\/wp-json\/wp\/v2\/pages\/1355\/revisions"}],"predecessor-version":[{"id":2426,"href":"https:\/\/kemalozturk.com\/index.php\/wp-json\/wp\/v2\/pages\/1355\/revisions\/2426"}],"wp:attachment":[{"href":"https:\/\/kemalozturk.com\/index.php\/wp-json\/wp\/v2\/media?parent=1355"}],"curies":[{"name":"wp","href":"https:\/\/api.w.org\/{rel}","templated":true}]}}